 when 284 is divided by 19.
18
What is the remainder when 1347 is divided by 71?
69
Calculate the remainder when 1470 is divided by 23.
21
What is the remainder when 301 is divided by 28?
21
Calculate the remainder when 176 is divided by 24.
8
Calculate the remainder when 228 is divided by 121.
107
Calculate the remainder when 2979 is divided by 20.
19
What is the remainder when 456 is divided by 22?
16
Calculate the remainder when 533 is divided by 35.
8
What is the remainder when 45 is divided by 10?
5
What is the remainder when 6031 is divided by 85?
81
Calculate the remainder when 525 is divided by 66.
63
Calculate the remainder when 2 is divided by 2.
0
Calculate the remainder when 41 is divided by 14.
13
What is the remainder when 1248 is divided by 1245?
3
What is the remainder when 81 is divided by 8?
1
What is the remainder when 508 is divided by 100?
8
Calculate the remainder when 92 is divided by 28.
8
What is the remainder when 338 is divided by 26?
0
What is the remainder when 1126 is divided by 132?
70
What is the remainder when 2378 is divided by 1170?
38
What is the remainder when 1737 is divided by 47?
45
Calculate the remainder when 2320 is divided by 75.
70
What is the remainder when 2413 is divided by 26?
21
What is the remainder when 1222 is divided by 255?
202
What is the remainder when 2978 is divided by 21?
17
What is the remainder when 283 is divided by 92?
7
Calculate the remainder when 314 is divided by 29.
24
Calculate the remainder when 590 is divided by 160.
110
What is the remainder when 791 is divided by 64?
23
What is the remainder when 641 is divided by 20?
1
What is the remainder when 346 is divided by 31?
5
What is the remainder when 183 is divided by 82?
19
What is the remainder when 334 is divided by 16?
14
What is the remainder when 2517 is divided by 26?
21
What is the remainder when 584 is divided by 68?
40
What is the remainder when 593 is divided by 17?
15
What is the remainder when 304 is divided by 7?
3
What is the remainder when 293 is divided by 74?
71
Calculate the remainder when 1358 is divided by 80.
78
Calculate the remainder when 3196 is divided by 78.
76
What is the remainder when 2068 is divided by 6?
4
Calculate the remainder when 127 is divided by 33.
28
Calculate the remainder when 925 is divided by 9.
7
Calculate the remainder when 4582 is divided by 2283.
16
Calculate the remainder when 422 is divided by 62.
50
Calculate the remainder when 547 is divided by 63.
43
What is the remainder when 2690 is divided by 38?
30
What is the remainder when 264 is divided by 53?
52
Calculate the remainder when 146 is divided by 21.
20
Calculate the remainder when 690 is divided by 77.
74
Calculate the remainder when 269 is divided by 18.
17
What is the remainder when 289 is divided by 138?
13
What is the remainder when 1246 is divided by 12?
10
Calculate the remainder when 1791 is divided by 69.
66
Calculate the remainder when 5694 is divided by 27.
24
Calculate the remainder when 17846 is divided by 31.
21
What is the remainder when 41 is divided by 13?
2
Calculate the remainder when 1173 is divided by 1169.
4
What is the remainder when 62 is divided by 21?
20
What is the remainder when 144 is divided by 7?
4
Calculate the remainder when 46 is divided by 34.
12
What is the remainder when 1222 is divided by 390?
52
Calculate the remainder when 52 is divided by 45.
7
Calculate the remainder when 166 is divided by 83.
0
Calculate the remainder when 881 is divided by 42.
41
What is the remainder when 378 is divided by 360?
18
Calculate the remainder when 16797 is divided by 25.
22
Calculate the remainder when 270 is divided by 13.
10
Calculate the remainder when 934 is divided by 39.
37
What is the remainder when 7405 is divided by 114?
109
What is the remainder when 141 is divided by 71?
70
Calculate the remainder when 540 is divided by 24.
12
What is the remainder when 512 is divided by 260?
252
What is the remainder when 767 is divided by 208?
143
What is the remainder when 537 is divided by 243?
51
What is the remainder when 656 is divided by 249?
158
What is the remainder when 351 is divided by 6?
3
Calculate the remainder when 2173 is divided by 29.
27
What is the remainder when 5966 is divided by 27?
26
Calculate the remainder when 792 is divided by 199.
195
What is the remainder when 587 is divided by 56?
27
Calculate the remainder when 7 is divided by 7.
0
Calculate the remainder when 593 is divided by 119.
117
Calculate the remainder when 161 is divided by 55.
51
Calculate the remainder when 209 is divided by 47.
21
What is the remainder when 1312 is divided by 26?
12
Calculate the remainder when 1472 is divided by 87.
80
Calculate the remainder when 184 is divided by 45.
4
Calculate the remainder when 69 is divided by 46.
23
Calculate the remainder when 669 is divided by 28.
25
Calculate the remainder when 1357 is divided by 227.
222
Calculate the remainder when 47 is divided by 10.
7
Calculate the remainder when 548 is divided by 55.
53
What is the remainder when 85 is divided by 34?
17
Calculate the remainder when 700 is divided by 146.
116
Calculate the remainder when 286 is divided by 7.
6
Calculate the remainder when 403 is divided by 27.
25
What is the remainder when 150 is divided by 9?
6
Calculate the remainder when 1217 is divided by 26.
21
What is the remainder when 758 is divided by 38?
36
Calculate the remainder when 248 is divided by 245.
3
Calculate the remainder when 572 is divided by 18.
14
Calculate the remainder when 120 is divided by 25.
20
What is the remainder when 167 is divided by 44?
35
What is the remainder when 192 is divided by 13?
10
Calculate the remainder when 191 is divided by 38.
1
What is the remainder when 203 is divided by 72?
59
Calculate the remainder when 1032 is divided by 94.
92
What is the remainder when 64 is divided by 18?
10
Calculate the remainder when 4439 is divided by 10.
9
Calculate the remainder when 389 is divided by 84.
53
Calculate the remainder when 427 is divided by 86.
83
Calculate the remainder when 553 is divided by 176.
25
Calculate the remainder when 108 is divided by 39.
30
Calculate the remainder when 2947 is divided by 41.
36
Calculate the remainder when 97 is divided by 51.
46
What is the remainder when 241 is divided by 75?
16
What is the remainder when 587 is divided by 562?
25
What is the remainder when 195 is divided by 5?
0
Calculate the remainder when 91 is divided by 23.
22
What is the remainder when 164 is divided by 103?
61
Calculate the remainder when 909 is divided by 185.
169
What is the remainder when 2203 is divided by 29?
28
What is the remainder when 95 is divided by 73?
22
What is the remainder when 33 is divided by 3?
0
What is the remainder when 396 is divided by 8?
4
Calculate the remainder when 252 is divided by 82.
6
Calculate the remainder when 247 is divided by 50.
47
What is the remainder when 267 is divided by 83?
18
Calculate the remainder when 940 is divided by 136.
124
What is the remainder when 82 is divided by 7?
5
Calculate the remainder when 2253 is divided by 38.
11
Calculate the remainder when 199 is divided by 23.
15
Calculate the remainder when 166 is divided by 43.
37
Calculate the remainder when 70 is divided by 8.
6
Calculate the remainder when 181 is divided by 70.
41
Calculate the remainder when 5025 is divided by 17.
10
Calculate the remainder when 103 is divided by 12.
7
Calculate the remainder when 316 is divided by 82.
70
Calculate the remainder when 128 is divided by 50.
28
Calculate the remainder when 490 is divided by 102.
82
What is the remainder when 315 is divided by 121?
73
What is the remainder when 18337 is divided by 53?
52
What is the remainder when 419 is divided by 137?
8
Calculate the remainder when 749 is divided by 47.
44
Calculate the remainder when 231 is divided by 40.
31
What is the remainder when 113 is divided by 54?
5
What is the remainder when 3433 is divided by 7?
3
What is the remainder when 13 is divided by 8?
5
What is the remainder when 1698 is divided by 25?
23
What is the remainder when 634 is divided by 67?
31
Calculate the remainder when 7656 is divided by 14.
12
What is the remainder when 1466 is divided by 9?
8
Calculate the remainder when 432 i